*r = -2*h + b. Is r a prime number?
True
Suppose 16*v + 445 + 467 = 0. Let l = 27 - 29. Let k = l - v. Is k prime?
False
Let v(s) = 5*s**3 + s**2 - 3*s + 1. Let z be v(1). Suppose a = -3*d - 1 - 1, -a + z*d = 37. Let i = 4 - a. Is i composite?
True
Is 287208 + (2 - (-11 + 0) - 10) composite?
True
Let r(k) = 2*k**2 - 5*k + 21377. Let q(b) = -b**2 - 14*b + 51. Let v be q(3). Is r(v) a prime number?
True
Suppose 88*w + 6358 = 99*w. Let q = 1335 - w. Is q prime?
True
Let f be 4 - -5*((-28)/(-20) - 1). Let l be 2904 - (f - 8/((-16)/(-4))). Is l/3 + 7/21 composite?
False
Suppose -54*w - 423584 = -4*j - 51*w, -20 = -5*w. Is j a prime number?
True
Suppose -107*n + 116*n + 155910132 = 261*n. Is n prime?
False
Let d be (10/(-4))/((-1)/(-2)). Let x(k) be the third derivative of -3*k**4 - 31*k**3/6 + 9*k**2. Is x(d) a composite number?
True
Let j = -301 - -556. Suppose 7*a - 3532 = j. Is a a prime number?
True
Let z(u) = -u**3 - 3*u**2 + 10*u + 11. Let q be z(-5). Suppose q*l - 6381 = 1022. Is l composite?
False
Let j be (-9)/36 - 1618/(-8). Suppose -206*w + 4348 = -j*w. Is w composite?
False
Let s(f) = f**2 + 1. Let a(i) = -6*i**2 + 18212. Let w(k) = a(k) + 5*s(k). Is w(0) a composite number?
False
Is (-20)/(-130) - ((-30)/(-390))/(2/(-464434)) prime?
True
Is -17 - 5 - (-1110254 - -33) a composite number?
True
Suppose -182*l + 366*l = 188*l - 32332. Is l prime?
False
Suppose -2*r - 5*h + 24609 - 1665 = 0, h + 45866 = 4*r. Is r composite?
False
Let b(x) be the first derivative of -9*x**2/2 - 63*x - 21. Let k be b(-7). Suppose k = -5*w + 11591 - 2676. Is w a prime number?
True
Is (-16)/4784*-126006647 + (-2)/(-23) a composite number?
True
Suppose -4*t + 8616 + 288 = 4*h, -5*t + 4467 = 2*h. Is h a composite number?
False
Let p = -81 + 33. Let c = p + 53. Suppose -4*r + 7*r - 763 = -c*k, 5*r - k - 1253 = 0. Is r composite?
False
Let s(t) = -3*t**2 - 35*t + 12. Let m be s(-12). Suppose -b + 16*b - 53895 = m. Is b a prime number?
True
Suppose 9*f = 465882 - 35754. Is (-5)/((-60)/f) - (-1)/3 composite?
True
Suppose 55 = 8*n + 3*n. Suppose -7*v + 2753 = -3*v + 5*o, 2*v - n*o = 1369. Is v prime?
False
Let m(j) = -j**3 - 2*j**2 + 8*j - 6. Let f be m(-8). Let d = 144 - f. Is 1/((-512)/d - (4 - 1)) a prime number?
False
Suppose 5*a + 130 = 3*o + 41, -5*o + 142 = -2*a. Is (26 - 31) + o*137 a composite number?
True
Let j be (-156)/(-16) + ((-1)/(-4))/1. Suppose -723 = -7*g + j*g. Is (9 + -2)*g*-1 a prime number?
False
Suppose -4*c + 35996 = 2*d, 14*d = 18*d. Is c a composite number?
False
Let m = -9 - -10. Let f be 2565/(-38)*(-3 + m). Suppose g = f + 200. Is g a composite number?
True
Is 3/9 + 47989040/165 a composite number?
True
Let z(g) be the third derivative of g**6/20 - 4*g**5/15 + 2*g**4/3 - 23*g**3/6 + g**2 + 41*g. Is z(13) a prime number?
True
Suppose 0 = -5*k + 3*h - h + 11, 0 = 2*k + 3*h - 12. Suppose 2*l - k*n - 942 = 0, -3*l + 1385 = -n - 35. Let w = l - 263. Is w a prime number?
True
Let t = -54976 - -91805. Is t prime?
False
Let m = -84189 - -181448. Is m composite?
False
Suppose -7*n - 26451 = -11*n - 3*c, 5*n = 4*c + 33025. Is n prime?
False
Let p(a) = 5041*a - 1. Let n be p(2). Suppose -n = -4*w + 4*d - 3309, 2*d + 8462 = 5*w. Suppose w = 4*y - 496. Is y prime?
True
Let u be (1/((-4)/126))/(16/(-64)). Suppose -6*j + 0*j = -u. Suppose -4*d = -2*z + 97 + j, z - 67 = 4*d. Is z a composite number?
True
Suppose 3*h = 53807 + 60658. Suppose 0 = 16*a - 172859 + h. Is a composite?
False
Let w(i) = -5*i - 39. Let n be w(-9). Is 3644 - (n + -3 - -2) a composite number?
True
Let q = -38 - -43. Let f be 2*(q/(5/(-3)) + 4). Suppose -3*k - 3242 - 858 = -f*g, -8 = -4*k. Is g a prime number?
True
Is (-32933)/(-2*1/11 + (-18)/22) a prime number?
True
Let y(w) = 797*w**3 - 6*w**2 + 6*w + 5. Is y(6) a prime number?
False
Let k(u) = u**2 - 10*u - 131. Let a be (6 + 63/(-9))*(-64)/2. Is k(a) a composite number?
True
Let t = 534 - 521. Suppose -t*n = -2*n - 59191. Is n a composite number?
False
Suppose 31*j - 219783 = 611101 - 41903. Is j composite?
True
Suppose 11 = 4*k + 5*f, k + 5*f = 6*k - 25. Suppose -3*y - 12 = k*n, 5*n - 3*n + 24 = 3*y. Is (-2164)/n*54/36 prime?
True
Let m(g) = 7*g**3 - 2*g**2 + 4*g - 4. Let v be m(10). Is 1*((-13)/(-52))/(1/v) prime?
True
Let b = -134 - -862. Let h = 4619 + b. Suppose 6*m = 9407 + h. Is m composite?
False
Let h(r) = 2*r**2 + 6*r - 14. Let x be 6/9*(-2 - (-50)/4). Let g be h(x). Is 4/18 - (-68642)/g a composite number?
True
Let x(s) = -1728*s**3 - s - 2. Suppose -8*j = -2*j - 54. Let d be 18/14 + -1 + j/(-7). Is x(d) a prime number?
False
Let a(c) = -15*c - 135. Let q be a(-9). Suppose 2*s = -q*s + 4474. Is s composite?
False
Let g be 9*4/24*2. Suppose 0 = 5*n - 4*z - 36, 3*z - 7 + g = -4*n. Let d = 65 + n. Is d prime?
False
Let z(j) = j**3 - 9*j**2 + j - 6. Let o be z(9). Suppose 3*g - 75 = i, -8*g - i = -o*g - 125. Is 90/g - 4 - 67/(-5) a composite number?
False
Suppose 9*q - 2757 = 1851. Let n = q + 1229. Is n a composite number?
False
Let s(q) = 18*q**2 + 106*q - 7. Let t be s(-6). Suppose 13440 = t*v + 3755. Is v a composite number?
True
Suppose q - 2*q + 1072 = 0. Let x be (5 - 4) + (q - -1) + -2. Let l = x - 527. Is l prime?
False
Let v be 131*(-82)/(-6 + 4). Suppose k - 5*q + v = 0, 5*k - 3*q + 19783 = -7138. Let r = k - -8227. Is r composite?
True
Suppose 95*m + w = 96*m - 3017, 4*w = 3*m - 9049. Is m a composite number?
False
Suppose 2*l + 3*u = 12, -2*l + 2*u = -3 + 1. Is l/((-84)/(-146372)) - (-16)/(-28) composite?
False
Suppose 22*w = 22*w + 228*w - 18283548. Is w a composite number?
False
Let k = 18384 - 11504. Let f = k + 1969. Is f composite?
False
Let w = 20198 - 11987. Let i = w + 9356. Is i a composite number?
True
Suppose -4*z + 3*a = -76831, 3*z + 44*a - 41*a - 57618 = 0. Is z prime?
True
Suppose 691339 = -32*f + 3131964 + 943407. Is f composite?
False
Suppose -218*m + 20511860 + 56686518 = 0. Is m composite?
False
Suppose -5*t + 59838 = -55410 + 42943. Is t prime?
True
Suppose -4*a = -9*v + 13*v - 86044, a + 5*v = 21519. Is a prime?
False
Is -337 + 329 + 577609/1 prime?
True
Let q = -236 - -231. Is 3/q - 529888/(-80) prime?
False
Suppose 23975 - 5259 = h. Suppose -17934 = 5*s + h. Is (1 + s/5)*1/(-5) prime?
True
Let m be (-24)/((-33)/11*(-2)/6). Let o = m + 24. Suppose -5*x + 305 + 260 = o. Is x prime?
True
Let b be 22738/6 - 4/(-12). Let d = 7161 - b. Is d prime?
True
Let a = 7921 + 516412. Is a a prime number?
False
Let q(m) be the third derivative of -m**6/24 - m**5/10 - 7*m**4/24 + m**3 - 21*m**2. Let k be q(-7). Let y = k - 797. Is y composite?
True
Suppose -4*y - 1080 + 4736 = 0. Suppose p - 3*j = y, 0 = p + 4*j - j - 884. Is p composite?
True
Let b = -182 + 204. Suppose 160752 = b*m - 19010. Is m a composite number?
False
Let u(g) = 48998*g + 223. Let r be u(8). Suppose 5*v - r = -12*v. Is v composite?
False
Suppose 157*c - 155*c - 2*l = 448508, 0 = c - 5*l - 224266. Is c prime?
True
Let d be 88*((-9)/6)/3. Let p = -40 - d. Suppose -1624 = -12*a + p*a. Is a a composite number?
True
Suppose 5*f - f = 5*n - 21, 3*f + 3*n + 36 = 0. Let y = f - -5. Is 56 - (2 - -10)/y composite?
False
Suppose 8*w = 6*w + 2*a + 2, a = -4*w + 19. Suppose w*t = -4*h - h + 7007, -5*t = -4*h + 5581. Is h composite?
False
Suppose -119424 = -2*n + x, 5*n = -5*x + 228300 + 70275. Is n composite?
True
Let d(a) be the first derivative of 254*a**2 - 49*a - 18. Is d(5) a prime number?
False
Let i = 1 + 4. Suppose i*k - 3*m = -0*m + 35796, 3*k - 21478 = 2*m. Suppose 0 = 4*a - 5846 - k. Is a prime?
True
Let s(g) = -2857*g**3 - 2*g**2 - 2*g. Suppose a + 4*a = -2*p - 22, 0 = -3*a - 12. Is s(p) prime?
True
Suppose 2*k + 8906 = -4*j, 115*j - 4*k + 4458 = 113*j. Let h = 928 - j. Is h a composite number?
True
Is ((9 + -9)*1)/2 + (3 - -337232) a composite number?
True
Let v(u) = -u**3 + 5*u**2 + 10*u - 7. Let o(c) = c**3 - 4*c**2 - 10*c + 6. Let m(j) = 4*o(j) + 3*v(j). Let f be m(5). Suppose d - 38 = f. Is d prime?
False
Suppose -2*h + 6*x = -1296788 + 338230, 0 = -3*x + 12. Is h a prime number?
False
Let b(h) = 101*h**2 - 15*h - 29. Let w be b(-9). Let p = w - 4803. Suppose -2*z - 722 = -p. Is z prime?
True
Is (-4 - 4*6/(-96))/(6/(-73592)) prime?
False
Let y(o) = 6493*o**3 + 7*o**2 - 26*o + 56. Is y(5) prime?
False
Suppose 5*n - 13*l - 1